me factors of 902227.
902227
List the prime factors of 151818.
2, 3, 25303
List the prime factors of 168337.
13, 23, 563
What are the prime factors of 1553026?
2, 776513
List the prime factors of 3190101.
3, 17, 71, 881
List the prime factors of 4148873.
4148873
List the prime factors of 131159.
7, 41, 457
What are the prime factors of 497685?
3, 5, 33179
List the prime factors of 1415278.
2, 89, 7951
What are the prime factors of 20581971?
3, 2383, 2879
What are the prime factors of 1114776?
2, 3, 13, 397
What are the prime factors of 1144333?
1144333
List the prime factors of 293180.
2, 5, 107, 137
List the prime factors of 316646.
2, 11, 37, 389
What are the prime factors of 280571?
37, 7583
What are the prime factors of 257918?
2, 128959
What are the prime factors of 12462010?
2, 5, 11, 193, 587
What are the prime factors of 9995857?
31, 89, 3623
List the prime factors of 2408245.
5, 7, 83, 829
List the prime factors of 372966.
2, 3, 11, 5651
What are the prime factors of 3435948?
2, 3, 95443
What are the prime factors of 2134585?
5, 426917
What are the prime factors of 6747?
3, 13, 173
What are the prime factors of 149255?
5, 29851
What are the prime factors of 1185227?
569, 2083
What are the prime factors of 289872?
2, 3, 11, 61
List the prime factors of 7867740.
2, 3, 5, 131129
List the prime factors of 88414.
2, 44207
What are the prime factors of 1194872?
2, 7, 19, 1123
List the prime factors of 37365025.
5, 79, 18919
List the prime factors of 13965.
3, 5, 7, 19
What are the prime factors of 462222?
2, 3, 25679
What are the prime factors of 6816050?
2, 5, 23, 5927
List the prime factors of 3849285.
3, 5, 11, 41, 569
List the prime factors of 42802697.
7, 6114671
What are the prime factors of 162180?
2, 3, 5, 17, 53
List the prime factors of 65486.
2, 137, 239
What are the prime factors of 10367687?
11, 23, 43, 953
What are the prime factors of 794919?
3, 29, 9137
List the prime factors of 5000075.
5, 200003
List the prime factors of 4647091.
4647091
List the prime factors of 3622246.
2, 59, 30697
What are the prime factors of 3235125?
3, 5, 8627
List the prime factors of 1784638.
2, 211, 4229
List the prime factors of 14551357.
953, 15269
List the prime factors of 471020.
2, 5, 11, 2141
What are the prime factors of 178688?
2, 349
List the prime factors of 1523187.
3, 169243
What are the prime factors of 200088?
2, 3, 7, 397
What are the prime factors of 379000?
2, 5, 379
List the prime factors of 638664.
2, 3, 13, 23, 89
List the prime factors of 2768024.
2, 7, 49429
List the prime factors of 399280.
2, 5, 7, 23, 31
What are the prime factors of 29073?
3, 11, 881
List the prime factors of 916485.
3, 5, 61099
List the prime factors of 32251.
32251
List the prime factors of 5588869.
11, 13, 17, 19
What are the prime factors of 35198?
2, 17599
List the prime factors of 2195738.
2, 1097869
List the prime factors of 3784716.
2, 3, 13, 8087
List the prime factors of 4091302.
2, 2045651
List the prime factors of 669639.
3, 29, 43, 179
What are the prime factors of 1758870?
2, 3, 5, 19543
List the prime factors of 406100.
2, 5, 31, 131
List the prime factors of 3982507.
61, 65287
List the prime factors of 412182.
2, 3, 17, 449
List the prime factors of 575813.
7, 43, 1913
List the prime factors of 7890372.
2, 3, 7, 71
List the prime factors of 209533.
209533
List the prime factors of 5218471.
5218471
What are the prime factors of 13095091?
43, 304537
List the prime factors of 2249755.
5, 449951
List the prime factors of 7994323.
59, 135497
List the prime factors of 516893.
13, 39761
What are the prime factors of 122841?
3, 13649
What are the prime factors of 697136?
2, 11, 17, 233
What are the prime factors of 371866?
2, 11, 16903
List the prime factors of 2063548.
2, 515887
List the prime factors of 906.
2, 3, 151
What are the prime factors of 78565?
5, 19, 827
List the prime factors of 2110268.
2, 43, 12269
List the prime factors of 300383.
131, 2293
What are the prime factors of 13943674?
2, 6971837
List the prime factors of 31530659.
31530659
List the prime factors of 298111.
11, 41, 661
What are the prime factors of 281682?
2, 3, 15649
What are the prime factors of 243583?
243583
What are the prime factors of 9133130?
2, 5, 521, 1753
What are the prime factors of 584731?
7, 103, 811
List the prime factors of 4334181.
3, 53, 27259
What are the prime factors of 488528?
2, 19, 1607
What are the prime factors of 13167634?
2, 37, 107, 1663
List the prime factors of 1018553.
701, 1453
What are the prime factors of 128990?
2, 5, 12899
List the prime factors of 10413955.
5, 43, 48437
List the prime factors of 2522987.
17, 148411
List the prime factors of 380866.
2, 31, 6143
List the prime factors of 5584581.
3, 97, 6397
List the prime factors of 672419.
11, 61129
What are the prime factors of 389335?
5, 77867
What are the prime factors of 145377?
3, 29, 557
What are the prime factors of 137452?
2, 7, 4909
List the prime factors of 4940706.
2, 3, 823451
List the prime factors of 1086989.
1086989
List the prime factors of 3643456.
2, 56929
What are the prime factors of 10476?
2, 3, 97
What are the prime factors of 1643358?
2, 3, 79, 3467
List the prime factors of 1483850.
2, 5, 59, 503
What are the prime factors of 8133644?
2, 97, 20963
List the prime factors of 214954.
2, 31, 3467
What are the prime factors of 765340?
2, 5, 17, 2251
What are the prime factors of 8191778?
2, 7, 137, 4271
List the prime factors of 727331.
11, 6011
List the prime factors of 810559.
19, 37, 1153
What are the prime factors of 6074248?
2, 263, 2887
List the prime factors of 218078.
2, 7, 37, 421
What are the prime factors of 1605176?
2, 283, 709
What are the prime factors of 3721646?
2, 641, 2903
List the prime factors of 1923934.
2, 373, 2579
List the prime factors of 9478303.
373, 25411
What are the prime factors of 2427805?
5, 113, 4297
What are the prime factors of 513149?
7, 13, 5639
What are the prime factors of 2212985?
5, 89, 4973
List the prime factors of 6906390.
2, 3, 5, 230213
What are the prime factors of 34304754?
2, 3, 11, 519769
List the prime factors of 295027.
31, 307
List the prime factors of 744774.
2, 3, 101, 1229
What are the prime factors of 5977678?
2, 7, 73, 5849
List the prime factors of 2926896.
2, 3, 7, 31, 281
What are the prime factors of 519076?
2, 129769
List the prime factors of 9945252.
2, 3, 276257
What are the prime factors of 669755?
5, 29, 31, 149
List the prime factors of 1284301.
1284301
What are the prime factors of 247146?
2, 3, 17, 2423
List the prime factors of 492015.
3, 5, 32801
What are the prime factors of 462627?
3, 11, 4673
What are the prime factors of 291147?
3, 107, 907
List the prime factors of 317668.
2, 13, 41, 149
What are the prime factors of 3827571?
3, 11, 115987
List the prime factors of 375554.
2, 19, 9883
What are the prime factors of 610931?
53, 11527
List the prime factors of 321277.
11, 29207
List the prime factors of 2430951.
3, 53, 15289
What are the prime factors of 33926?
2, 16963
List the prime factors of 622690.
2, 5, 73, 853
What are the prime factors of 142987?
13, 17, 647
List the prime factors of 334550.
2, 5, 6691
List the prime factors of 2581395.
3, 5, 172093
What are the prime factors of 409923?
3, 37, 1231
List the prime factors of 1831758.
2, 3, 397, 769
List the prime factors of 39904.
2, 29, 43
List the prime factors of 503136.
2, 3, 1747
List the prime factors of 473503.
473503
What are the prime factors of 48058?
2, 24029
List the prime factors of 2800458.
2, 3, 155581
What are the prime factors of 9812477?
9812477
List the prime factors of 1244528.
2, 77783
What are the prime factors of 180953?
59, 3067
List the prime factors of 6059487.
3, 7, 41221
What are the prime factors of 1199351?
1199351
List the prime factors of 11087446.
2, 241, 23003
What are the prime factors of 116567?
11, 10597
List the prime factors of 1859357.
227, 8191
List the prime factors of 1985172.
2, 3, 7, 23633
List the prime factors of 15921313.
23, 30097
What are the prime factors of 397626?
2, 3, 66271
What are the prime factors of 2791319?
211, 13229
List the prime factors of 7603184.
2, 31, 15329
List the prime factors of 758686.
2, 379343
List the prime factors of 240231.
3, 80077
List the prime fa